ose -6*d + s = -1611. What are the prime factors of d?
3, 7, 13
Suppose 32*x = 27*x + 125. Let w(a) = -11*a + 26 - 12 - x*a. What are the prime factors of w(-5)?
2, 97
Suppose 118*k - 117*k - 121461 = -4*p, 0 = 5*p + k - 151824. What are the prime factors of p?
3, 29, 349
List the prime factors of 20/((-40)/6) - 2655*-2.
3, 29, 61
Suppose -282*d + 315*d - 511071 = 0. What are the prime factors of d?
17, 911
Suppose -1145 = -30*a + 8122 + 753. What are the prime factors of a?
2, 167
Suppose 0 = 5*i + 4*h + 62, -41*h + 36*h = 2*i + 35. What are the prime factors of (-13512)/(-18) - (-7)/(105/i)?
2, 3, 5
Suppose 15*k - 12*k = 5622. List the prime factors of (28/12)/(6/(k + -2)).
2, 7, 13
Let y be 1326/(-10) + (-4)/10. Let t = 74 - 109. Let m = t - y. What are the prime factors of m?
2, 7
Suppose 517*k - 17505186 = 203*k. List the prime factors of k.
3, 18583
Suppose -10 = -0*j + 5*j + 5*l, -2*j + 2*l + 16 = 0. Suppose 5 = 2*o + j*o, 2*o = -3*y + 329. Let d = 20 + y. List the prime factors of d.
3, 43
Let v = 320 + -318. Suppose 9*k - 3 = 8*k, 3*k = -v*n + 1657. List the prime factors of n.
2, 103
Let a = 46091 + -19757. List the prime factors of a.
2, 3, 7, 11, 19
Let i(u) = u**2 + 7*u - 4. Let x be i(-8). Suppose x*d = -5*b + 4, -4*d = -2*d + 8. Suppose -b*v - 124 = -6*v. List the prime factors of v.
2, 31
Suppose -5*t + 35 = 2*x - x, -3*t + 93 = 3*x. Let d(g) = -x*g + 18 + 11 - 58 + 19. List the prime factors of d(-2).
2, 5
Let k(a) = -39*a**3 - 17*a - 30. Suppose 0 = 7*r - 13*r - 18. What are the prime factors of k(r)?
2, 3, 179
Suppose 5*d + 182 = 3*d. Let b = 544 + d. What are the prime factors of b?
3, 151
Let w(f) = -f**2 - f. Let k(a) = -4*a**2 - 23*a + 13. Let o(l) = -k(l) + 5*w(l). Let y(t) be the first derivative of o(t). What are the prime factors of y(-10)?
2, 19
Let z(g) = g**3 + 25*g**2 - 103*g + 72. What are the prime factors of z(12)?
2, 3, 347
Let u(d) = 227*d - 26. Let t(i) = -57*i + 7. Let q(j) = 9*t(j) + 2*u(j). Let a(g) = 30*g - 5. Let l(y) = -5*a(y) - 2*q(y). What are the prime factors of l(-6)?
3, 5, 13
Let g(j) = -j**3 + 23*j**2 + 25*j - 17. Let n be g(24). Suppose -3*f = n*f - 9260. List the prime factors of f.
2, 463
Let o be (-1)/((2/20)/((-1860)/(-50))). What are the prime factors of (11/((-88)/o))/(6/8)?
2, 31
Suppose 0*a + 2*a + 111 = -d, 255 = -5*a + 5*d. Let b = a - 48. Let r = 244 + b. What are the prime factors of r?
2, 71
Let b = 23 + 72. Let g = -95 + b. What are the prime factors of (g - 0 - 0) + 307 + -42?
5, 53
Suppose 4*d = -4*l - 39453 + 95549, -2*d = 5*l - 70129. What are the prime factors of l?
13, 83
Suppose -5*x + 4*u = -20, 20 = x - 7*u + 3*u. Suppose 2*i + 40*i - 60690 = x. What are the prime factors of i?
5, 17
Let o be 12342/8 + (7 - 81/12). Let w = o - 249. List the prime factors of w.
2, 647
Let i = 2583 - 1272. List the prime factors of i.
3, 19, 23
Let c be (-3)/(-60)*5 - 62/(-8). Let t be c/16 - (-6)/(-4). What are the prime factors of 200/(-15)*3*t?
2, 5
Suppose 449216 = 145*g - 1520754. What are the prime factors of g?
2, 6793
Let x = 31162 + -17996. What are the prime factors of x?
2, 29, 227
Let u = 27 + -25. Suppose 355 + 445 = -u*i. Let a = -271 - i. List the prime factors of a.
3, 43
Let m = -11749 + 21319. What are the prime factors of m?
2, 3, 5, 11, 29
Let t(j) = -384*j**2 + 23*j - 78. Let o be t(3). What are the prime factors of 2*(o/2)/(-11)?
3, 5, 7
Let p(l) = 18*l**2 + 11*l - 27. Let w be p(-21). Suppose 0 = -j, -4*j + 0*j - w = -5*f. List the prime factors of f.
2, 3
List the prime factors of (-142548)/(-10) + 2*-1*188/470.
2, 7127
Let c(l) = l**3 + 2*l**2 + l + 11. Let t be c(0). Let j(g) = 10*g**3 - 2*g**2 - 4*g + 2. Let r be j(3). Suppose -t*n + r = 22. List the prime factors of n.
2, 5
Let k(p) = 382*p**2 + 106*p + 443. List the prime factors of k(-5).
9463
Let p = 27 - 13. Let g(j) = j**2 - 13*j - 14. Let c be g(p). Suppose c*a + 4*u + 61 = 3*a, 5*a = 2*u + 125. What are the prime factors of a?
3
Let g(z) = -z**3 + 2*z**2 + z + 6. Let f be g(0). Let s(u) = 3*u**2 - 3. List the prime factors of s(f).
3, 5, 7
Let v be -2 + ((-2)/8*-4 - -16). Suppose 0 = 7*j - 27 - v. List the prime factors of ((-234)/10)/(j/(-20)).
2, 3, 13
Suppose 247 = 19*z + 19. Let n(q) = q**3 - 8*q**2 + 2*q - 11. Let a be n(8). Suppose -98 = -z*d + a*d. List the prime factors of d.
2, 7
Let j = 255 - -338. Let l = j + -287. What are the prime factors of l?
2, 3, 17
Let h(x) = -34*x + 87. Suppose 3*m + 4*k - 8*k = -28, 2*m + 7 = 5*k. List the prime factors of h(m).
631
Suppose 0 = 15*z + 63*z + 624. Let h(f) be the second derivative of -2*f**3 - 8*f**2 - f. List the prime factors of h(z).
2, 5
Let h(a) = 6728*a + 125. List the prime factors of h(1).
7, 11, 89
What are the prime factors of ((-10)/115 + (-950)/(-345))*94899/28?
2, 4519
Let w be (8/(-20))/((-67245)/(-13450) + -5). Let c = 1928 - w. What are the prime factors of c?
2, 3, 71
Suppose -21812*f + 535731 = -21791*f. What are the prime factors of f?
97, 263
Suppose -23*m = -11*m - 48*m + 1106388. List the prime factors of m.
73, 421
Let l = -181 - -187. List the prime factors of (l/7)/((-48)/(-1456)).
2, 13
Suppose -2*t - 223 = -p, -19*t + 16*t - 5*p = 315. What are the prime factors of 60/t - 6914/(-11)?
2, 157
Suppose -5*k = -2*s - 106, -5*k + 124 = 3*s + 33. Suppose -5*d + 4*h + 120 = k, -h + 5 = 0. List the prime factors of (-10 + 3)*(1 - (d + -3)).
2, 5, 7
Suppose 5*p = -46*g + 51*g + 10, -5*g + 4*p = 10. List the prime factors of (-12)/(g + (-867)/(-438)).
2, 73
Let f(l) = 3*l + 8. Let u be f(12). Let j = u - 41. Suppose 3*o - 45 = -j*m, 3*o + 0*o - 15 = 0. List the prime factors of m.
2, 5
Let i = 218 + -215. Suppose 5*w = -i*k + 437, -w + 4*k = 7*k - 85. What are the prime factors of w?
2, 11
Suppose 2*o - 74421 = -3*j, -172*o + 168*o + j = -148891. What are the prime factors of o?
3, 19, 653
Suppose 4*f + 45 = 7*f + 4*s, 75 = 5*f - 5*s. Suppose f*m - 4950 = 10*m. Suppose -14*g + 8*g = -m. What are the prime factors of g?
3, 5, 11
Let t = -3205 - -10271. List the prime factors of t.
2, 3533
Let b(a) = 2*a - 28*a - 29*a. Let c be b(1). Let j = 113 + c. List the prime factors of j.
2, 29
Let f(m) = 7*m**3 + 20*m**2 - 370*m + 33. List the prime factors of f(19).
2, 31, 389
Suppose -22 = -t - t. Suppose 3*u - 4 = t. Suppose 0 = -2*l - 4*v - 0*v + 234, u*l + v = 612. List the prime factors of l.
3, 41
Let c be 6/(-4) - 1052/(-8). List the prime factors of 452/(-6)*(-13)/(c/30).
2, 113
Let a = 382 - 469. What are the prime factors of -17*(-1 + a) - -8?
2, 47
Let n(o) = 1297*o**2 + 29*o - 33. List the prime factors of n(2).
13, 401
Suppose 9*h = 6*h + 18. Suppose 0 = -2*g - g + h. Suppose 0 = -3*s + g*k + 269, 4*k = 4*s - k - 347. What are the prime factors of s?
3, 31
Suppose -1023109 = 29*p - 201*p + 320899. List the prime factors of p.
2, 3907
Suppose 7*m = 1 - 64. What are the prime factors of (-9273)/(2 - m)*5/(-3)?
5, 281
Let i(j) = 200*j**3 + 3*j**2 + 58*j - 176. List the prime factors of i(3).
5, 7, 31
Let g(k) = 4103*k + 1309. What are the prime factors of g(7)?
2, 3, 5, 7, 11, 13
Suppose 5*z - 50 + 25 = 0. Suppose -z*j + 4*j - 636 = 0. Let q = -435 - j. List the prime factors of q.
3, 67
Let d = 180 + -177. Suppose -d*t - f + 2063 = 0, -4*t + 34*f - 29*f + 2719 = 0. What are the prime factors of t?
2, 7
Let h(l) = -3*l + 7. Let z be h(0). Suppose 0 = 5*j - 5*f - 20, 4*j + 2*f = z - 3. Suppose s = -y + 25, -s + 1 + j = 0. What are the prime factors of y?
2, 11
Suppose -148*c + 174*c - 247988 = 0. What are the prime factors of c?
2, 19, 251
Suppose -22*i + 21*i + 443 = j, 3*i - 1327 = -5*j. What are the prime factors of i?
2, 3, 37
Let n be (-39)/(-4 - 7/(-3) - -2). Let k = n - -118. What are the prime factors of k - -6 - -1*4*-1?
3
Suppose 15*k + 0 = 30. Suppose k*o + o = 1116. List the prime factors of o.
2, 3, 31
List the prime factors of (36670 + -21)/(8/(-20) + 28/20).
67, 547
Let z be ((-674)/(-6))/(6/90). What are the prime factors of z - (-2 + 20)/(-6)?
2, 211
Suppose 25*a = -0*a + 175. Suppose 1 = -2*w - a, -b + 79 = 3*w. List the prime factors of b.
7, 13
Let p(g) = g**2 - 7*g - 18. Let m be p(10). List the prime factors of m/9 + -2 + (-1630)/(-6).
271
Suppose 0 = -i + 510 - 501. Suppose i = -5*m + 1474. What are the prime 